o = -0*x - 3*x + 41, -f*x + 4*o = -68. List the prime factors of x.
2, 3
Let c = -155 + 17. Let o be c/30 + (-2)/5. Let x = 11 + o. List the prime factors of x.
2, 3
Suppose 3*k + 3 - 9 = 0. Suppose -4*t - 3*a + a = -2, 10 = 5*t + 5*a. Let l = k - t. List the prime factors of l.
3
Let w = -5 + 23. List the prime factors of w.
2, 3
Suppose -6*h = -3*h + 15. List the prime factors of (1/(-2))/(h/30).
3
What are the prime factors of ((-148)/5)/(10/(-25))?
2, 37
Suppose 5*s - s - 102 = -5*m, -5*s - 10 = 0. List the prime factors of m.
2, 11
Let s(m) = m + 6 - 1 + 2. Let r be s(-5). Suppose 0 = i - o + r*o - 6, -39 = -5*i + 4*o. What are the prime factors of i?
7
Let l = -14 - -62. Let c = 71 + -66. Suppose -2*n + c*n = l. What are the prime factors of n?
2
Suppose 0 = -2*i - 0*i - 10. Let k be (4 + -2)*3/(-2). Let f = k - i. List the prime factors of f.
2
Let w(q) = q**2 + 1. Let h be w(1). Let f = 22 + -18. Suppose 16 = h*b - f. What are the prime factors of b?
2, 5
Suppose -o - 3*o - 8 = 0. List the prime factors of (6 + o + 3)*1.
7
Let w(q) = -36*q + 1. Let v be w(-1). What are the prime factors of v + -2 + 4/(-4)?
2, 17
Let s(x) = 17*x**2 + 2*x + 1. List the prime factors of s(-1).
2
Let p be (0/1)/(1 + -2). Let m = 12 + -11. What are the prime factors of (p + m)/(8/56)?
7
Let s(d) = 5*d - 3. Let w be s(2). Suppose 3*v - 15 = -5*m, -2*m = 2*v - 0*m - 10. Let b = w - v. List the prime factors of b.
2
Let o be 2/4*2*3. What are the prime factors of ((-34)/3)/((-2)/o)?
17
Suppose -2*w + 54 = 4*z - 44, -z - 2*w + 23 = 0. List the prime factors of z.
5
Suppose -3*k + 5*v + 52 = 0, -4*k - 4*v = -0*k - 112. What are the prime factors of k?
2, 3
Let r = -18 - -13. Let i = 40 - r. What are the prime factors of i?
3, 5
Let w(j) = j**3 - 2*j**2 + 5*j - 1. Let t be w(4). Suppose -s = -2*i + t, s - 33 = -i - s. List the prime factors of i.
3
What are the prime factors of -1*(-21)/(-6)*-20?
2, 5, 7
Let b(o) = o**3 + 9*o**2 + 3*o - 16. List the prime factors of b(-8).
2, 3
Let j(y) = -y + 4. Let g(z) = -1. Let o(d) = -2*g(d) - j(d). Let b be o(4). Suppose -5*c = -b*c - 33. List the prime factors of c.
11
Suppose -5*d = 3*s - 0*d - 73, 84 = 4*s + 4*d. List the prime factors of s.
2
Let o(s) = -11*s + 2. What are the prime factors of o(-17)?
3, 7
Let m(x) = -x**3 + 3*x**2 + 5*x - 1. Suppose 6 = 2*k - 2. Let g be m(k). Suppose -g*t + 17 = -d + 3*d, 0 = -5*t + 5*d + 20. List the prime factors of t.
5
Suppose -3*w + 6 + 3 = 0. Suppose -5*y + 37 = -w. List the prime factors of y.
2
Suppose 0 = 4*l - 0*l + 8. What are the prime factors of 0 + 6 - (-3 - l)?
7
Let r = -113 + 185. Suppose 4*w - r = -4. What are the prime factors of w?
17
Suppose 0 = -5*n + 4*w + 27, -11 = -n + 3*w + 1. Suppose 5 = 4*v - z, -6*v + 2 = -v + 3*z. Let y = n - v. List the prime factors of y.
2
Let f(p) = -p**2. Let i(m) = -m**3 - m**2 + 4. Let s(j) = -6*f(j) + i(j). Let h be s(5). List the prime factors of ((-2)/3)/(h/(-90)).
3, 5
Suppose 66 = 2*w - 3*r - 2*r, -w + 33 = -5*r. List the prime factors of w.
3, 11
Suppose 5*p - f = f + 344, -4*f - 8 = 0. Suppose -l + 2*q = 2*l - p, -58 = -2*l - 5*q. What are the prime factors of l?
2, 3
Suppose 4*l - 35 = -5*s, l - 4*s - 40 = s. List the prime factors of l.
3, 5
Let u = 81 + -61. List the prime factors of u.
2, 5
Suppose -16 = -2*i + 6. Suppose 0 = -i*z + 10*z + 40. What are the prime factors of z?
2, 5
Suppose 274 = 2*q - 2*h, 4*q + h - 568 = -0*h. What are the prime factors of q?
3, 47
List the prime factors of 472/2 - (-2 - -2).
2, 59
Let p(k) = k**2 - 5*k - 9. Let v be p(7). Let l(q) = -6*q - 5. Let z be l(v). Let m = z + 52. What are the prime factors of m?
17
Let n = 113 - 62. What are the prime factors of n?
3, 17
Let j(b) be the first derivative of b**4/4 + 5*b**3/3 - 3*b**2 + 1. Let t be j(-5). Suppose 0 = 4*o - t - 6. List the prime factors of o.
3
Suppose 0 = -2*f + 57 - 9. Suppose -4*s = -2*s - f. What are the prime factors of s?
2, 3
Suppose -424 + 124 = -10*h. What are the prime factors of h?
2, 3, 5
Suppose -d = -4*d + 3. Suppose d + 15 = 4*k. What are the prime factors of k?
2
Suppose 0 = 20*o - 16*o - 1052. What are the prime factors of o?
263
Let o = 4 - 4. Suppose o = z + z - 12. Let x(r) = r**3 - 5*r**2 - 5*r - 2. List the prime factors of x(z).
2
Let a = 86 + -59. Suppose -y = -4*y + a. What are the prime factors of (-4)/6 + 51/y?
5
Let s(a) be the third derivative of -a**4/24 - 2*a**3/3 + 4*a**2. List the prime factors of s(-7).
3
Suppose 139 - 19 = 3*k. List the prime factors of k.
2, 5
Let j be -2*2/8*-38. Let q = j - 10. What are the prime factors of q?
3
Let p(z) = z - 17. Let t be p(7). Let a be 30/(-4) + (-1)/(-2). Let s = a - t. List the prime factors of s.
3
Let s = -17 - -126. List the prime factors of s.
109
Let d(k) = 52 + 9*k - 2*k - 53. List the prime factors of d(2).
13
Let k be 0 + -7 - (-4 - -2). Let b be (-30)/12*(-6)/(-5). Let s = b - k. List the prime factors of s.
2
Let p = 9 + 4. List the prime factors of p.
13
Let w = -43 + 76. What are the prime factors of w?
3, 11
Suppose -3*q - 39 = -129. What are the prime factors of q?
2, 3, 5
Let q(k) be the first derivative of 8*k**2 - 7*k + 2. Let u be q(-8). List the prime factors of (1*2)/((-18)/u).
3, 5
Let l(a) be the first derivative of -a**3/3 + 15*a**2/2 - 2*a + 3. Let i be l(9). Suppose 5*d - i = d. List the prime factors of d.
13
Suppose -86 = -4*y - 2*a + 86, -2*y + 3*a + 78 = 0. Let t be ((-1)/3)/((-5)/45). Suppose m - 14 = -t*g, 2*m + y = 7*m + g. List the prime factors of m.
2
Let m(x) = -2*x**2 - 1 - 8*x**2 + 4*x**2 + x**3 - 4*x. What are the prime factors of m(7)?
2, 5
What are the prime factors of (2 - (-94)/2) + -4?
3, 5
Let a = 5 + 1. List the prime factors of a.
2, 3
Let d = -3 + -2. Let q(s) = 4*s + 10. Let f be q(-5). Let l = d - f. What are the prime factors of l?
5
Let f(u) = -u**2 + 9*u + 7. List the prime factors of f(7).
3, 7
Suppose 22*q - 20 = 17*q. Suppose 2*s + s = -4*d + 61, 53 = 3*s - q*d. What are the prime factors of s?
19
List the prime factors of 13*6 + (-3 - 15/(-3)).
2, 5
Let z = 14 + -7. Let o = 16 - z. List the prime factors of o.
3
Let h(j) = -4 - 3 - j + 3 + 3. What are the prime factors of h(-7)?
2, 3
Let x = -3 + 8. Suppose 6 = -3*n - 4*u + 1, -4*n - x*u = 5. Let i(g) = -g**3 + 4*g**2 + 5*g + 7. What are the prime factors of i(n)?
7
Let f(c) = c**3 + 17*c**2 + 18*c + 22. Let q be f(-16). Let d = q + 29. List the prime factors of d.
19
Suppose -h + 4*h - v = 16, -h = -2*v - 7. What are the prime factors of h?
5
Suppose -12 = 5*x + 3*f - 0*f, -5*f - 20 = 2*x. Suppose -5*j + j = -16. Let y = x + j. List the prime factors of y.
2
Suppose t = -3*z + 5*t - 53, -2*z = 2*t + 54. Suppose -33 - 3 = 3*q. Let m = q - z. List the prime factors of m.
11
Suppose -a - 3*z + 14 = 0, -a - z + 22 = 4*z. Suppose -3*b - 4 + 274 = 0. Suppose 3*r + a*r - b = 0. What are the prime factors of r?
2, 3
Let d = 26 - 6. List the prime factors of d.
2, 5
Let v(l) = -2*l - 7. Let k be v(0). What are the prime factors of (-89)/k + (-22)/(-77)?
13
Suppose -4*a = 3*v - 15, 2*a = -3*v + 6*a - 9. Suppose 3 = 3*t - 9. Let s = t - v. List the prime factors of s.
3
Let k = -3 - -4. Suppose t = 5*l - 1, -l = t - 0*l + k. Let q = t - -7. What are the prime factors of q?
2, 3
Suppose -2*h + 292 = 2*l, -5*h + 0*l + 3*l = -762. What are the prime factors of h?
2, 3, 5
Suppose 0 = -3*p + 3*c - 99, -3*p = 2*p - 4*c + 165. Let y = p + 77. Suppose 0*i - y = -2*i. What are the prime factors of i?
2, 11
Let p = -60 + 85. What are the prime factors of p?
5
Suppose -2*t - 2*t + 4*d + 32 = 0, 0 = -5*t - d + 22. What are the prime factors of t?
5
Suppose -5*w = -3*k - 16, -2*w + 10 = 2*w - k. Let n(f) = -5 - 4*f**3 + f - w*f**2 + 3*f**3 + 9*f**2. List the prime factors of n(7).
2
Let i(u) = -11*u - 40. List the prime factors of i(-5).
3, 5
List the prime factors of -2 + -1 + (2 + 233 - 1).
3, 7, 11
Let o(q) = q**2 + 1. Let x(y) = 4*y**2 + 3*y + 2. Let u(g) = 5*o(g) - x(g). List the prime factors of u(5).
13
Let v(g) = 28*g**2 - 2*g + 2. List the prime factors of v(-3).
2, 5, 13
Suppose 2*r - 3*r = -17. Let h = 31 - r. Suppose 3*v + 2 = h. List the prime factors of v.
2
Suppose -2*s + 254 = -m - 188, -5*m - 890 = -4*s. What are the prime factors of s?
2, 5, 11
Let 